divide 188624?
False
Is 12610695 a multiple of 328?
False
Does 19 divide 524971?
False
Is 2 a factor of 8062?
True
Does 161 divide 1249353?
False
Does 281 divide 54795?
True
Is 1242962 a multiple of 329?
True
Is 11968138 a multiple of 247?
True
Is 64674 a multiple of 9?
True
Is 46 a factor of 103638?
True
Does 7 divide 778?
False
Is 1403190 a multiple of 17?
False
Is 2 a factor of 14077?
False
Is 14784186 a multiple of 102?
True
Does 12 divide 3233934?
False
Does 70 divide 244024?
False
Does 4 divide 596540?
True
Does 90 divide 50259?
False
Does 15 divide 151129?
False
Is 32128 even?
True
Does 94 divide 41351?
False
Is 139 a factor of 672570?
False
Is 2646257 a multiple of 97?
True
Is 66171 a multiple of 161?
True
Is 338 a multiple of 3?
False
Does 68 divide 49460?
False
Is 926774 a multiple of 111?
False
Is 145590 a multiple of 46?
True
Does 8 divide 78838?
False
Is 664 a factor of 4680447?
False
Is 13 a factor of 200499?
True
Is 1330933 a multiple of 5?
False
Is 337 a factor of 1558201?
False
Is 210410 a multiple of 265?
True
Is 162 a factor of 943974?
True
Is 40 a factor of 105160?
True
Is 616777 a multiple of 17?
True
Is 566 a factor of 5878570?
False
Does 610 divide 7144930?
True
Is 27 a factor of 695898?
True
Is 420 a factor of 1883769?
False
Does 15 divide 416760?
True
Does 52 divide 1742009?
False
Is 27039 a multiple of 3?
True
Is 124 a factor of 1360404?
True
Is 28 a factor of 2634520?
True
Is 245 a factor of 7900?
False
Does 12 divide 15120?
True
Does 17 divide 327446?
False
Is 36035 a multiple of 24?
False
Is 354144 a multiple of 168?
True
Does 28 divide 21494682?
False
Is 13 a factor of 88084?
False
Does 33 divide 409174?
False
Does 29 divide 313635?
True
Is 4261159 a multiple of 75?
False
Does 85 divide 77435?
True
Is 78012 a multiple of 9?
True
Is 7087067 a multiple of 15?
False
Is 1227306 a multiple of 145?
False
Does 111 divide 4679167?
False
Is 7344840 a multiple of 24?
True
Does 31 divide 330863?
True
Is 8764020 a multiple of 18?
True
Does 51 divide 19589304?
True
Is 570 a factor of 3340613?
False
Is 92 a factor of 127604?
True
Is 160 a factor of 49120?
True
Is 219823 a multiple of 154?
False
Does 30 divide 930?
True
Does 11 divide 1273041?
True
Does 158 divide 178066?
True
Does 97 divide 11828471?
True
Is 303422 a multiple of 122?
False
Is 965363 a multiple of 144?
False
Is 7984126 a multiple of 142?
False
Does 118 divide 23909862?
False
Is 16 a factor of 44960?
True
Does 111 divide 199992?
False
Is 36005 a multiple of 5?
True
Does 32 divide 477888?
True
Does 590 divide 1893872?
False
Is 131397 a multiple of 21?
True
Does 6 divide 125016?
True
Does 168 divide 229152?
True
Is 62 a factor of 118662?
False
Is 7129808 a multiple of 149?
False
Is 642 a factor of 171414?
True
Is 3514536 a multiple of 27?
True
Is 29430 a multiple of 19?
False
Is 11 a factor of 520255?
False
Is 8 a factor of 219902?
False
Is 7263341 a multiple of 19?
False
Is 9 a factor of 132309?
True
Is 78 a factor of 636246?
True
Does 10 divide 384430?
True
Does 24 divide 445155?
False
Does 175 divide 335800?
False
Does 50 divide 944110?
False
Does 304 divide 13072?
True
Is 2755800 a multiple of 9?
True
Is 17 a factor of 3618756?
True
Is 3 a factor of 1638942?
True
Does 5 divide 1050655?
True
Is 33 a factor of 5294421?
True
Does 521 divide 3461524?
True
Is 538369 a multiple of 20?
False
Is 1508334 a multiple of 262?
True
Does 221 divide 622778?
True
Is 128272 a multiple of 82?
False
Does 20 divide 490540?
True
Is 218260 a multiple of 140?
True
Is 2562861 a multiple of 97?
False
Is 84286 a multiple of 9?
False
Is 1791 a multiple of 9?
True
Is 40736 a multiple of 608?
True
Is 10 a factor of 147340?
True
Does 18 divide 35936800?
False
Does 15 divide 39315?
True
Does 53 divide 1571026?
True
Does 15 divide 11281753?
False
Is 7978275 a multiple of 45?
True
Is 6146 a multiple of 12?
False
Is 1896490 a multiple of 12?
False
Is 1267004 a multiple of 32?
False
Does 11 divide 106577?
False
Is 343630 a multiple of 43?
False
Is 8 a factor of 151004?
False
Does 19 divide 13096035?
True
Is 103573 a multiple of 301?
False
Is 4097478 a multiple of 154?
True
Is 1035098 a multiple of 75?
False
Is 44 a factor of 19711461?
False
Is 70 a factor of 2898840?
True
Is 108543 a multiple of 1119?
True
Does 92 divide 183724?
True
Is 513 a multiple of 19?
True
Does 270 divide 4064310?
True
Does 92 divide 1865760?
True
Does 98 divide 209720?
True
Is 1441 a factor of 2999632?
False
Does 12 divide 392687?
False
Does 36 divide 164772?
True
Is 9617314 a multiple of 1158?
False
Is 26057668 a multiple of 14?
True
Is 43056 a multiple of 10?
False
Is 109938 a multiple of 176?
False
Is 143702 a multiple of 93?
False
Does 26 divide 432281?
False
Is 27 a factor of 8346564?
True
Does 15 divide 57109?
False
Does 521 divide 2065765?
True
Does 18 divide 297429?
False
Does 37 divide 56958?
False
Does 25 divide 40635?
False
Is 21 a factor of 251703?
False
Is 229 a factor of 166038?
False
Does 32 divide 31840?
True
Is 6 a factor of 35274?
True
Is 1219080 a multiple of 62?
False
Is 531343 even?
False
Does 255 divide 26541?
False
Is 1585469 a multiple of 22?
False
Is 126 a factor of 109167?
False
Does 209 divide 85326?
False
Is 71 a factor of 422565?
False
Is 6415124 a multiple of 94?
True
Is 156 a factor of 581040?
False
Does 7 divide 447706?
True
Is 2247784 a multiple of 356?
True
Is 70 a factor of 2186512?
False
Is 1167 a factor of 12095148?
False
Does 41 divide 120230?
False
Is 244972 a multiple of 52?
True
Is 100804 a multiple of 79?
True
Is 16723917 a multiple of 40?
False
Is 23 a factor of 853691?
True
Is 6 a factor of 2361804?
True
Is 260708 a multiple of 28?
True
Is 1652832 a multiple of 144?
True
Is 40 a factor of 1471760?
True
Is 283 a factor of 843143?
False
Does 61 divide 71547?
False
Is 373767 a multiple of 540?
False
Is 362046 a multiple of 83?
True
Is 17 a factor of 15087?
False
Is 253256 a multiple of 4?
True
Is 48 a factor of 2817888?
True
Is 2349060 a multiple of 60?
True
Is 470890 a multiple of 49?
True
Does 236 divide 170029?
False
Does 22 divide 9146544?
True
Does 83 divide 406451?
True
Is 10943895 a multiple of 698?
False
Is 553 a factor of 3506353?
False
Does 301 divide 1682477?
False
Is 30 a factor of 13530?
True
Is 377 a factor of 4233710?
True
Is 12 a factor of 63008?
False
Does 24 divide 5168256?
True
Is 12 a factor of 15923820?
True
Is 612081 a multiple of 423?
True
Is 21 a factor of 692643?
True
Is 127 a factor of 9907651?
True
Is 171979 a multiple of 751?
True
Does 9 divide 21037?
False
Is 195695 a multiple of 31?
False
Is 20 a factor of 436111?
False
Is 183 a factor of 1085556?
True
Is 341325 a multiple of 615?
True
Is 164028 a multiple of 378?
False
Does 2 divide 332809?
False
Is 36247 a multiple of 78?
False
Does 751 divide 8247482?
True
Does 21 divide 1911861?
True
Does 7 divide 10066?
True
Does 12 divide 5983200?
True
Does 7 divide 25942?
True
Does 28 divide 1216738?
False
Is 2195612 a multiple of 5?
False
Does 22 divide 125950?
True
Is 21 a factor of 7397499?
False
Does 291 divide 456957?
False
Does 45 divide 796913?
False
Does 241 divide 1273203?
True
Is 1666830 a multiple of 48?
False
Is 130031 a multiple of 6?
False
Does 29 divide 6262381?
False
Is 22 a factor of 17185?
False
Is 181 a factor of 86620?
False
Does 14 divide 4525?
False
Is 12 a factor of 1518048?
True
Is 6328320 a multiple of 480?
True
Does 44 divide 810485?
False
Is 156160 a multiple of 12?
False
Is 407981 a multiple of 13?
False
Is 35 a factor of 112325?
False
Is 201753 a multiple of 171?
False
Does 109 divide 173646?
False
Is 294375 a multiple of 282?
False
Does 13 divide 24717?
False
Does 419 divide 4488133?
False
Does 30 divide 195330?
True
Is 1278887 a multiple of 95?
False
Is 69760 a multiple of 247?
False
Is 12 a factor of 19477956?
True
Is 208440 a multiple of 18?
True
Does 97 divide 1295978?
False
Does 786 divide 723040?
False
Is 14 a factor of 71036?
True
Is 15 a factor of 5809650?
True
Is 1180 a factor of 1980040?
True
Is 19 a factor of 949139?
False
Does 9 divide 5988?
False
Is 11628 a multiple of 17?
True
Does 17 divide 6755?
False
Is 25 a factor of 191345?
False
Does 3 divide 1334292?
True
Is 176 a factor of 419392?
False
Does 188 divide 228044?
True
Is 92447 a multiple of 2?
False
Does 123